
Evaluate 14 + 2 + -4 + 10 + 5.
27
(3 - (-2 - -3)) + (-28 - (-11 + (-18 - 0)))
3
(6 - -5) + (2045 - 2013) + -24 + -1
18
Calculate (152 - 155 - 68) + 43.
-28
-90 + -7 + (-334 - -486)
55
Evaluate 16 + 5 + (-12 - -1) + 15.
25
Evaluate (22 - 50 - -1) + (10 - -1) + 68.
52
Calculate 10 + -29 - (-4 + -4 - (11 - 22)).
-22
Evaluate (-5 - 29 - (-15 + 8 + -12)) + (49 - 2).
32
Calculate 20 - (6 + 172) - (-54 - -17).
-121
What is (49 - (13 - -56)) + (-27 - 1)?
-48
Calculate -9 + 97 + -106 + 40.
22
What is (188 - 257) + (-13 - -11 - 22)?
-93
Calculate (-5 + 1 - -52) + (-17 - (-17 - 1 - -7)).
42
What is the value of 6 + -29 - (-83 + 82)?
-22
What is the value of 1 - (0 - -36) - (196 + (-121 - 57))?
-53
Evaluate 165 + 123 + -156 + -24.
108
Calculate -65 + (21 - 89 - -51).
-82
What is the value of -67 + 18 - -35 - (-33 - -36 - (1 + 12))?
-4
31 + -15 + 15 + -15 + -18
-2
Calculate 57 - (100 + 43 + -36).
-50
What is -28 + (-15 - (4 + -28)) + (14 - 2)?
-7
What is the value of -14 + 0 - (-66 + 23 + 26)?
3
What is the value of 2 + (4 + 28 - 41) - (33 + 0)?
-40
What is the value of 7 - (2 - (1 - 1) - (820 + -872))?
-47
Calculate (-1 - -9) + 341 + -329 - 55.
-35
27 - (4 - (18 + (23 - 60)))
4
Evaluate (-20 - 19) + 3 - 22.
-58
Evaluate 21 - (-54 - -49) - -16.
42
Evaluate (4 - -1 - (-8 - (-2 + 20 + -14))) + -2.
15
Evaluate 682 - 626 - (102 + 0).
-46
What is the value of -12 - (-28 + 34 - (-3 + 6 + -6) - -4)?
-25
Calculate (90 - 105 - 21) + 37.
1
What is -40 + 15 + (8 - ((-2 - 2) + 9 + -3))?
-19
What is 359 + -355 - (1 - -11)?
-8
8 + -15 + 10 - (1 - -11)
-9
What is the value of -55 - ((77 - 35) + -72)?
-25
9 + -16 + 27 - (-7 + 11) - -86
102
-13 + (-2 - -1) + (12 - (20 - 19)) + -36
-39
What is the value of -3 - (1 + -15 + (-11 - -7) + 78)?
-63
Evaluate 8 + -6 + (-14 - -23) - (0 - -18).
-7
What is the value of -18 + 56 + -33 + -14?
-9
Calculate 72 - 37 - (-46 + 39).
42
Calculate 0 + (44 - (-1 + -2 - (2 + -17 + 22))).
54
Evaluate (1 - -6) + (-189 + 120 - -96).
34
What is the value of (6 - -19) + 54 - (-129 + 137)?
71
(2 - 14 - (-21 + 22)) + -6 + 84 + -87
-22
65 + -36 + 9 + -36
2
24 + (24 - (19 + 106))
-77
Calculate 76 - (4 + (4 + 8 - 13) - -10).
63
What is the value of -5 - (-8 + 15) - -1 - 5 - 14?
-30
Evaluate 71 - (-22 + 1 + 4 + -35 + 36).
87
Calculate ((-19 - 6) + 17 - -2 - (-17 + 1)) + 41.
51
What is the value of 65 - ((80 - 79) + -9 + 1)?
72
Evaluate (-106 - -87) + 10 + -3 + 4.
-8
What is -82 + (-6 - -1) + -66 + 52 + (16 - -1)?
-84
What is the value of 5116 + -5243 + -3 + 14 + 6 + -4 + 1?
-113
What is the value of -52 - -79 - (24 - -11)?
-8
Calculate 97 + 3 + (-1 - -17) + (37 + -14 - 23).
116
Evaluate 65 + 28 + (13 - 64).
42
What is 7 - ((4 - 7) + -12 + 23 + -26)?
25
-26 - (-34 + (37 - 4)) - -39
14
-151 + 21 + 79 + -8
-59
Evaluate -5 + (14 - 7) + (5 + 23 - 24).
6
28 + (-17 - (-13 + 14)) - (-2 + -60)
72
Calculate (-59 + 74 - (-2 + 6)) + -43 + 4.
-28
Evaluate 200 + -95 + -69 + 89.
125
Calculate 14 + (-7 - 5) - 14 - 45 - (1 + -12).
-46
What is the value of 23 + -6 + (-7 - (-9 + 5)) + -92?
-78
What is the value of (-6 - -21) + (-233 - -264)?
46
What is the value of (-131 - -117 - (-5 + -5 + -1)) + 16?
13
What is the value of 17 + (53 - (-42 - -66))?
46
What is 0 + -2 + -370 + 374 - -47?
49
What is 15 + (-38 - (1 - 59))?
35
Calculate -96 - (10 - 26) - (-1 - (-5 + 15)).
-69
Calculate (20 - 14) + (-35 - (49 - 28)).
-50
Evaluate 4 - 1 - (1 - (-61 + (12 + 12 - 21))).
-56
Calculate -31 - (-56 - -12) - -42.
55
(-18 - (-17 - 16)) + 49 + -90
-26
Calculate -21 - ((3 + -1 - (-29 - (56 + -72))) + -17).
-19
-7 - -11 - 1 - (-36 + (10 - 52))
81
What is the value of 0 + -5 + (-28 + 37 - 36)?
-32
What is (86 - (109 - -10)) + 99?
66
Evaluate 9 - (-82 - 58) - 240.
-91
Evaluate -11 + 23 + 18 - (-168 - -177).
21
Evaluate (4 - (-5 + 92)) + (525 - 520).
-78
(40 - (-11 + 29)) + 10 + -5
27
-5 + (34 + -7 - 6) + -42
-26
What is 60 + -35 + 147 - 118?
54
31 - (-20 - (-14 - -9 - 23))
23
Calculate 8 - (7 - (31 + -8)).
24
What is the value of (11 + -6 - 19) + (276 - 215)?
47
What is the value of 4 - (31 + (37 - 28) + -9)?
-27
Evaluate 4 + -2 + -5 + (27 - (1 + 19 - 1)).
5
Calculate (0 - ((-1 - -10) + (-2 - 14) + 32)) + -6.
-31
What is (-1 - 44) + -3394 + 3544?
105
Calculate 36 + -1 + (-307 - -258).
-14
(49 - (25 + 35)) + 48
37
-20 + (2 - (-3 - -28)) + (-471 - -430)
-84
Evaluate 1 - (-18 - (16 + -41 + 9)) - (2 - -36).
-35
What is the value of -1 - (-4 + 1) - (58 - (49 - -28))?
21
What is the value of 0 - (35 - (-8 - -20 - 14))?
-37
(9 + (-4 - 13) - 11) + 31
12
-103 + 32 - (-119 + 51)
-3
161 + -238 + (-4 - (-2 + 9)) - 4
-92
Calculate 46 - (-12 - -7 - -44) - (4 + 9).
-6
What is the value of (51 - (77 - -3 - 40)) + 22?
33
What is 10 + 57 - (344 - 300)?
23
What is (102 - 141 - 68) + -4?
-111
Evaluate 23 + -50 + (6 - -4).
-17
What is the value of (80 - 42) + 38 - 28?
48
(-2 - -5) + (0 - (4 + 0)) + (238 - 200)
37
What is the value of 15 - (239 - 204) - (-44 + 1)?
23
What is the value of -70 - (-6 + -12 + 27 + -32)?
-47
74 - (-1 - (-14 - -4 - (13 - (42 + -18))))
76
What is (4 - (-66 - -8)) + (-34 - 1) + 46?
73
Calculate 66 - 65 - (-11 + 17).
-5
What is the value of (127 - 40) + (-137 - 0)?
-50
Evaluate ((70 - 9) + -8 - 11) + -25 + 7.
24
(0 - 56) + (0 - -1) + -16 + 26
-45
Calculate (7 + -5 - 2) + 21 - 19 - (1 + -51).
52
What is 0 + 0 + 11 + (-1 - 0) + -93636 + 93542?
-84
Evaluate 3 + -47 + (-8 - -57).
5
51 - (222 - 36) - -52
-83
4 + (-7 - ((10 - 1) + (21 - 40)))
7
Calculate 24 + -23 + -10 - -6 - (1 + 27).
-31
-54 + -13 + -61 + 63
-65
(-6 - (4 - 67 - (1 + 8 - 4))) + -10
52
Calculate (3 - 2) + (1 - 2) + (-4 - 0) + 18.
14
What is (52 - -1) + (54 - 4) + -67?
36
What is 98 + -42 + -32 + 26?
50
Calculate -16 + 24 + 11 + -2 + 4.
21
What is the value of (27 - 28 - 56) + 50?
-7
3 - 4 - 11 - (-32 - -43) - 14
-37
Evaluate 2 + (-7 - 0) - 27 - (5 - 6).
-31
Evaluate 29 - (-1 + -40 + (239 - 59)).
-110
1 + -57 - (-1 - 4) - (-25 - (-67 + 40))
-53
What is (-7 - (-10 + -10 + 4 + 12)) + -9?
-12
Calculate 9 + 34 - 61 - -34.
16
Evaluate (1 - 5) + 3 + 85 + -19 + 17.
82
Calculate 46 - (64 - (9 - -31)).
22
6 + (-1 - (1 - 3)) - (1599 - 1685)
93
Calculate 74 + -41 + -2 - 122.
-91
Calculate 148 + -305 + 82 + -39.
-114
(-17 - -1 - (3 - (8 + 0))) + -60 + 54
-17
39 - (11 + (-64 - -45) + (8 - 0))
39
What is -2 - (81 - -2) - ((37 - 51) + 4 - -20)?
-95
Evaluate (-137 - -162) + (-2 - -7) + 5.
35
What is the value of -6 + 28 - ((89 - -38) + 18)?
-123
-7 + -1 + -2 + 1 - (27 - (22 + -14))
-28
Evaluate -3 + (8 - 0) - 29 - (6 - -5).
-35
Calculate (27 - 6) + -12 + (3 + -12 - -15).
15
Calculate -4 - 6 - (-1 + (-25 - -24) - 4).
-4
Calculate 32 + (55 - -9) - 75.
21
Calculate 92 + -1 + (165 - (280 - 92)).
68
Calculate 54 + -97 - (85 + -182).
54
What is the value of 45 + 3 - (78 - -3)?
-33
Calculate -215 + 164 + -171 + 119.
-103
Evaluate 26 - (34 + -43) - -9.
44
What is 0 + -9 + (-38 - (-71 + 30)) + 91?
85
Calculate 13 - 2 - ((2 + -13 - -4) + -2 - -42).
-22
Calculate 122 + (104 - 225) - (-51 - (4 - 1 - 1)).
54
Calculate -13 - (-18 - 1) - ((-8 - (-10 + 4)) + 45).
-37
Evaluate (-16 + 36 - 102) + 83.
1
Calculate -89 - ((-143 - -154) + (-16 - (4 + -6))).
-86
Calculate -1 + -11 - (-69 - (26 - 48)).
35
Calculate (-72 + 13 - -16) + (-13 - -23).
-33
What is 22 + -1 - ((-8 - (103 + -97)) + (1 - -15))?
19
0 + (-2 - -2) - -19 - (-3061 + 3067)
13
(-15 - -82 - 18) + 9
58
What is -13 - (-26 - 6 - 0)?
19
What is the value of -1 + -13 + 29 + (3 - 5 - -3)?
16
Calculate -32 + (-6 - (3 + (12 - 10)) - -1).
-42
What is the value of (-4 - (-1 - 1) - -28) + 12300 + -12308?
18
Evaluate -80 - (-16 + -3) - (0 - -8) - (-65 + 58).
-62
6 + (1 + 2 + 0 - (30 - -22))
-43
What is 19 + (-30 - -24) + 7 + 20?
40
What is (2 - -9) + 0 - (78 + -68) - -1 - -8?
10
What is -11 - (-2 + 10 + -56) - -17?
54
What is 14 + 24 + -3 + 17?
52
What is the value of 30 - (-121 + 163 - 80)?
68
Evaluate (68 - 5) + 11 + 0 + -19.
55
Calculate -118 - ((53 - 47) + (37 - 42)).
-119
What is -159 + 157 - (-1 - 0 - (24 - -8))?
31
Calculate -14 + -6 + 6 - (-74 - (-32 + 71)).
99
Evaluate 2 + -3 + 2 - (31746 + -31826).
81
What is -10 - (-18 + -26 + 44)?
-10
What is the value of 30 + -42 + 22 + 18 - -3?
31
Evaluate (3 - (5 + 2 - (-46 + 21 - -28))) + 11.
10
7 + -12 + 11 + 27 + -17
16
What is 27 + -1 + -5 + -55 + 53?
19
Cal